 6, what is -33104334 - -31?
-33104303
In base 2, what is -10101010110001110100010001 + -11?
-10101010110001110100010100
In base 8, what is -1 + -323663445?
-323663446
In base 9, what is 52460330 + -14?
52460315
In base 6, what is 3 + 5133013204?
5133013211
In base 15, what is -12c7c + -13d?
-12dba
In base 12, what is -335760 + -13?
-335773
In base 6, what is 55115215 - -240?
55115455
In base 16, what is 882f - 1f?
8810
In base 7, what is 12152215 + -14?
12152201
In base 14, what is -103213c - -4?
-1032138
In base 5, what is 31412303 + -20110?
31342143
In base 15, what is -2631b + -da4?
-271c0
In base 3, what is -2012210 - 11220212011?
-12000001221
In base 4, what is -3211100111 + 132?
-3211033313
In base 5, what is 132302042310 - 3?
132302042302
In base 4, what is -12211332330 - 2?
-12211332332
In base 6, what is 204355325 - 2?
204355323
In base 9, what is -72737 + 20?
-72717
In base 8, what is -44646 - 4616?
-51464
In base 8, what is -2137 + -506232?
-510371
In base 6, what is -50533242 + -2?
-50533244
In base 7, what is -21265305 - 1250?
-21266555
In base 7, what is -2251423 - 302?
-2252025
In base 2, what is 100001111011011 + 100110110?
100010100010001
In base 15, what is 6d195 + a1?
6d246
In base 8, what is 3741665 - -227?
3742114
In base 16, what is -1b956b7a + -5?
-1b956b7f
In base 2, what is 100100100101001111 - -11001101111?
100100111110111110
In base 15, what is -5182 + 270?
-4e12
In base 12, what is 80a5 - 11220?
-5137
In base 13, what is 9b6 - 99337?
-98651
In base 4, what is 200100123 - 1?
200100122
In base 9, what is -130236 - 2706?
-133043
In base 6, what is -4 + -4102102420?
-4102102424
In base 3, what is 10 + -2020001202?
-2020001122
In base 9, what is 10 - 4162671?
-4162661
In base 10, what is -4 + 2739876?
2739872
In base 6, what is 32 - -15022051?
15022123
In base 9, what is 15523 + -14373?
1140
In base 4, what is 1301021 + -21331300?
-20030213
In base 9, what is -2 - 111567882?
-111567884
In base 14, what is 24 - -a9701?
a9725
In base 15, what is 1 - 4b779a2?
-4b779a1
In base 9, what is -25686 - 65150?
-101846
In base 13, what is 2 + 218a1b5?
218a1b7
In base 8, what is -756 - -2335526?
2334550
In base 10, what is 2 + 68120839?
68120841
In base 5, what is -4231340412 - -13?
-4231340344
In base 4, what is 12310032332030 + 10?
12310032332100
In base 6, what is -3 + 2452050441?
2452050434
In base 7, what is -1362003504 - 3?
-1362003510
In base 16, what is -41c65 - 168?
-41dcd
In base 4, what is -121030001 - -2130030?
-112233311
In base 12, what is 9 - -56b22a?
56b237
In base 2, what is 1010 - 111111111000110101100?
-111111111000110100010
In base 11, what is 5816 - 3087?
273a
In base 13, what is -22 + 3a0a4?
3a082
In base 3, what is 220101102201202 - -1?
220101102201210
In base 7, what is 554 - -1421015?
1421602
In base 2, what is -1011011111101110000100 - -11?
-1011011111101110000001
In base 8, what is -46 + 3647000?
3646732
In base 2, what is 1001011101101110111001 + 10010?
1001011101101111001011
In base 2, what is 10100001101110001010100000 - -10?
10100001101110001010100010
In base 9, what is -36 - -1085127?
1085081
In base 2, what is -10 + 101110000111111111111?
101110000111111111101
In base 3, what is 200211200001 + -21?
200211122210
In base 7, what is 1 + 10121154?
10121155
In base 12, what is -44 - 1024492?
-1024516
In base 6, what is 3 + 25051344555?
25051345002
In base 13, what is -24 - c609c9?
-c60a20
In base 7, what is 346142534 + 13?
346142550
In base 11, what is -5136922 - 1?
-5136923
In base 16, what is 47f04 + 550?
48454
In base 14, what is -105b8 + 765?
-dc53
In base 10, what is 13941 + 2933?
16874
In base 9, what is 31016 - 11524?
18382
In base 11, what is 2 - 2a51870?
-2a51869
In base 4, what is -111221222201 + -10?
-111221222211
In base 10, what is 3 + 29025131?
29025134
In base 12, what is -1 - 153a6503?
-153a6504
In base 6, what is 3232414 - -5234?
3242052
In base 13, what is -32 + -241bac?
-241c11
In base 4, what is -333013 + -12120?
-1011133
In base 5, what is -403 + -2233144?
-2234102
In base 5, what is -10 + -120210432033?
-120210432043
In base 11, what is 413 + 5961?
6274
In base 5, what is 20 - 434222220?
-434222200
In base 2, what is 10010101000100000100 - -110?
10010101000100001010
In base 15, what is 24b - -636?
882
In base 16, what is 33b03 - 1?
33b02
In base 9, what is -127116011 - -16?
-127115884
In base 9, what is -1083164 + 842?
-1082222
In base 4, what is 303 + -211113232303?
-211113232000
In base 8, what is 7175076 - -332?
7175430
In base 11, what is -22 - -1780140?
1780119
In base 3, what is 10100 + -210101021?
-210020221
In base 15, what is -52 + 11c2?
1170
In base 7, what is 46360140 - -3?
46360143
In base 3, what is -10100210222101 + 1202?
-10100210220122
In base 12, what is a - -10b08a65?
10b08a73
In base 9, what is 2518 - -1385?
4014
In base 10, what is 1 - -22806186?
22806187
In base 5, what is 13323421330 + -100?
13323421230
In base 8, what is -403556475 + -7?
-403556504
In base 8, what is 14120 + -2043?
12055
In base 3, what is -11101121 + -21010120?
-102112011
In base 14, what is 6d54245 + -1?
6d54244
In base 13, what is 10 - 7349c?
-7348c
In base 16, what is 2682 + 191d?
3f9f
In base 9, what is 154655 + 870?
155635
In base 15, what is -24b904 - 15?
-24b919
In base 4, what is -2 - 10001313230?
-10001313232
In base 9, what is 5887214 + -2?
5887212
In base 15, what is d826b4 + -b?
d826a8
In base 8, what is 244530 - 1561?
242747
In base 3, what is 10202102111201222 + -11?
10202102111201211
In base 13, what is 7a9 + -575?
234
In base 15, what is -21 - -1022bc?
10229b
In base 5, what is -20413243 + -2024?
-20420322
In base 5, what is 3121 + 102403340?
102412011
In base 11, what is -86348 + -5a33?
-91280
In base 6, what is -10053042 - -234?
-10052404
In base 10, what is 1232 + 33137?
34369
In base 2, what is -11 - -101110010001001111111?
101110010001001111100
In base 4, what is 123 + 321213223?
321220012
In base 9, what is -634087 - -601?
-633386
In base 15, what is 0 + 3b6057?
3b6057
In base 9, what is -11380402 - -17?
-11380374
In base 10, what is 3 - -627860?
627863
In base 8, what is 1206331247 + -5?
1206331242
In base 15, what is 3 + -2e3c3a?
-2e3c37
In base 15, what is -80ab45 + 1?
-80ab44
In base 3, what is -101 - -2221201222021?
2221201221220
In base 8, what is -34223 + 1566?
-32435
In base 6, what is 34203 - -2521004?
2555211
In base 12, what is 14 - 343a88?
-343a74
In base 10, what is -3 + 5193851?
5193848
In base 13, what is 4 + 17229b66?
17229b6a
In base 5, what is 20 + 23124143?
23124213
In base 6, what is 2230152440 + 100?
2230152540
In base 15, what is -6588e5 - 8?
-6588ed
In base 16, what is -20cf3 + -16e?
-20e61
In base 5, what is -3 + -14403032403?
-14403032411
In base 14, what is -1dcc + -5284?
-7272
In base 4, what is 22021210321 - -1232?
22021212213
In base 10, what is 2 + 927500?
927502
In base 8, what is 554730 + -33?
554675
In base 16, what is -b0 - 2106f?
-2111f
In base 12, what is 91 - -16033b?
160410
In base 6, what is -23 - 2151501?
-2151524
In base 3, what is 2000200201012 + 0?
2000200201012
In base 10, what is -25 - 7012?
-7037
In base 11, what is 208918aa - -2?
20891901
In base 14, what is 3 + 82408d?
824092
In base 5, what is 2401110 - 2430?
2343130
In base 10, what is 65091722 + 6?
65091728
In base 16, what is 4 + 1312b21?
1312b25
In base 5, what is 42 + 102142023?
102142120
In base 10, what is 145 - 3175564?
-3175419
In base 7, what is -263605 - 2510?
-266415
In base 15, what is 4dbe73e - -8?
4dbe747
In base 4, what is 30321 - -10030222133?
10030313120
In base 13, what is 331 - -68a48?
69079
In base 7, what is 21354012 - 156?
21353523
In base 6, what is 451344401 - 11?
451344350
In base 10, what is 3 - -25265369?
25265372
In base 4, what is 2302233 - -12332?
2321231
In base 3, what is 11122200 - -212211102?
1001111002
In base 6, what is -15051444505 + -1?
-15051444510
In base 3, what is 12010 - -101122110210?
101122122220
In base 16, what is -d46f3c - -3?
-d46f39
In base 15, what is -2 - 118884?
-118886
In base 3, what is 202 - -10002212020100022?
10002212020101001
In base 16, what is -1adf3a + 3?
-1adf37
In base 2, what is -1101001001001010000111 - -10000110?
-1101001001001000000001
In base 14, what is -6 + 3a297ab?
3a297a5
In base 8, what is 24451